(-21))*6494. Is (-3)/18 + l/(-42) composite?
False
Suppose 14*d = 15*d - 15. Suppose 13*k + 6 = d*k. Suppose -5*b + 2449 = -c - c, k*c = -5*b + 2439. Is b composite?
True
Suppose 6*q - 122 - 292 = 0. Suppose 2*u + c - q = 0, -c = -6*c - 25. Is u composite?
False
Is ((-102990)/(-18))/((-2)/(-6)) prime?
False
Let x(o) = -19*o + 82. Let n be x(5). Suppose -2*m + 5*m = -5*k + 32, 2*m - 12 = -k. Is (n/(-2))/(k/40) composite?
True
Suppose -3*i + w + 5004 + 726 = 0, -w + 5736 = 3*i. Let y = i + -760. Is y prime?
True
Suppose -10 = 6*b - b. Is (-3 - b)/(5/(-955)) prime?
True
Let l(o) = 8647*o - 38. Is l(3) prime?
True
Let v = 3322 - 1665. Is v a prime number?
True
Let t(d) = -24*d**3 - d**2 + d + 4. Let k be t(-4). Suppose 6*c = 5*p + c - 1550, 0 = 5*p + 5*c - k. Is p a composite number?
False
Suppose 6*r - 2*r - 3832 = 0. Suppose -o + r = o. Is o a composite number?
False
Let k be (-4)/22 + (-3586)/242. Let h(w) = w**2 + 9*w + 37. Is h(k) prime?
True
Let q(t) be the first derivative of 4*t**3 - 3*t**2/2 + 3*t + 5. Let x(i) = 6*i**2 - 2*i + 2. Let c(b) = 3*q(b) - 5*x(b). Is c(-2) a composite number?
True
Let f = 403615 + -276736. Is f composite?
True
Suppose w - 2*n = -4*n + 6, w - n = 0. Suppose -2 + 22 = -2*b. Is w/10 + (-258)/b a prime number?
False
Let v = -5055 - -7586. Is v prime?
True
Suppose 6*a + 36 - 144 = 0. Suppose x = 4*x + a. Is ((-3)/x)/(2/652) prime?
True
Is (-2 + 17776)/(62/31) a composite number?
False
Suppose -552 = 5*g - 8*g. Let u = g - -31. Suppose n - 2*n = -u. Is n a composite number?
True
Let h = 11666 + -7045. Is h a prime number?
True
Let v = 16908 - 9037. Is v a composite number?
True
Suppose 0 = -4*v - 2*u - 44797 - 23875, -3*u = -4*v - 68672. Is (v/(-48))/(2/6) a prime number?
False
Let l be 10/(-20) + 7/2. Suppose l*k = -k + 8. Suppose 4*t + w = 945, -w + 94 = k*t - 381. Is t prime?
False
Suppose -2*n + l + 22 = 0, -n + 59 = 2*n + 5*l. Let f = -44 + 20. Let j = n - f. Is j prime?
True
Suppose 59*r - 631737 = 250962. Is r composite?
True
Let i(o) = 4868*o + 969. Is i(10) prime?
False
Suppose -16410 = -12*d + 9*d + x, 4*x = d - 5459. Is d a composite number?
False
Suppose -2*b = 3*q + 10, 15 = -4*q - 3*b + 2*b. Suppose 6*s + 870 = 3*s. Is (-12)/q + -2 - s composite?
True
Is (0 + (-223)/(-4))*(-3 - -127) prime?
False
Let w(a) = 39*a - 11*a - 6 + 26*a - 1. Let i be w(-3). Let t = i + 258. Is t composite?
False
Let n = 33844 + -23927. Is n a prime number?
False
Suppose 3*g + 2*a - 1758 = g, 0 = 3*a. Is g a composite number?
True
Suppose 17 - 2 = 5*g. Suppose -g*j + 2*f + 749 = f, -3*j = -5*f - 757. Let p = -66 + j. Is p a prime number?
False
Suppose 148 + 14 = -9*n. Let m(x) = x**2 - 17*x + 5. Is m(n) a prime number?
False
Let s = 1355 - -772. Is s a composite number?
True
Is -1*((-25790 - 0) + -1 + -2) a composite number?
False
Suppose 4*w = 8*m - 10*m + 101100, -w + 25285 = 3*m. Is w composite?
True
Let q(x) be the third derivative of 11*x**5/60 + x**4/12 - x**3/3 + 10*x**2 - 2. Is q(3) a composite number?
False
Let u(y) = 4745*y - 4. Is u(1) composite?
True
Suppose -2*x + 4*b + 25 = x, -4*x = -3*b - 24. Suppose 0*y + 480 = 5*p - 5*y, 0 = -x*p + 2*y + 285. Is p a prime number?
False
Let r = -17809 + 38096. Is r prime?
True
Let s = 29 + -26. Suppose -s*c + 8*c - 590 = 0. Is c a composite number?
True
Suppose -4*t = 6*t - 740. Is t prime?
False
Let z(t) = 68*t**2 - 6*t - 15. Suppose 0 = 12*y - 25 - 35. Is z(y) prime?
False
Suppose 0 = -4*v + 9*v. Suppose -2*g + 5*l + 818 = v, 4*g - l - 1656 = 4*l. Is g a prime number?
True
Suppose 39897 = 47*k - 14200. Is k a composite number?
False
Let r(n) = 8*n**2 - 4*n - 3. Let f be r(4). Suppose 5*s + 0*c = c + 2005, -4*s + 3*c = -1615. Let j = s - f. Is j composite?
True
Let x = 50 - 46. Let h = 493 - 340. Let r = h + x. Is r composite?
False
Let p(w) = 3*w**2 - 2*w + 2. Let b be p(-10). Let l = -463 + 654. Let y = b - l. Is y composite?
False
Suppose -152*l + 155*l = 118977. Is l composite?
False
Let x(q) = -23*q + 69. Let y be x(23). Let d = -153 - y. Is d composite?
False
Let o be 1/((-3)/(-400)) - 2/6. Is o - (-4)/(-1) - 2 a composite number?
False
Let z(k) = k**3 + 7*k**2 - k + 8. Let j be z(-7). Suppose -h + j = -4*h, -4*f - 2*h = -3258. Is f composite?
True
Let h(a) = 109*a**2 + 11*a**2 + 11 + 2 - 26*a + 24*a. Is h(3) a composite number?
False
Let w = -13 - -369. Suppose 2*x - 5*x + 4*z + w = 0, -3 = -3*z. Suppose -41 = -g + x. Is g composite?
True
Let h = -3 - -5. Suppose 5*w - 1002 = h*w. Let r = w - 205. Is r prime?
False
Let k(d) = 2*d**3 + 2*d**3 + 2*d**3 - 10*d + 2*d**3 - 7*d**2 + 12. Is k(5) composite?
False
Suppose -25*t + 4*k = -29*t + 88728, -2*t + k = -44349. Is t composite?
True
Let s(u) = 1154*u**2 + 6*u - 10. Is s(2) a prime number?
False
Suppose -4*b + b = -3*a, -3*a = 4*b. Suppose -2*y + 1132 + 270 = b. Is y a prime number?
True
Let r(p) = p**3 - 4*p**2 + 3*p - 14. Let i be r(7). Is 24/16*i/3 prime?
False
Let b be (-2)/(-10) + 63/(-15). Let u be (-2)/4*b - 1055. Let f = -616 - u. Is f prime?
False
Let x(g) = -1190*g - 249. Is x(-6) a prime number?
False
Let r be (-126)/(-15) - (-8)/(-20). Is (-2)/(-4) + -2*(-810)/r a composite number?
True
Suppose -2*j + 4*m - 4 = 0, -5*j - 4*m - 4 = -3*j. Let o = 1 - j. Suppose -5*f = -o*w + 514, -143 = -2*w - 2*f + 221. Is w composite?
True
Let h be 2/(-2*(-4)/16). Suppose f - 5 = 2*i - 3*i, h*f = 2*i + 20. Suppose -4*a - 142 = -f*a - p, -284 = -2*a + p. Is a prime?
False
Let b = -6 - 1. Let s be 0 - b - 2/1. Suppose -s*f = -f + 4, 3*f = -3*a + 468. Is a prime?
True
Suppose -5*h + 3*g = -7, -h = -3*h - 2*g - 10. Let s(u) = 4*u + 8. Let j(m) = m. Let d(v) = h*j(v) - s(v). Is d(-11) a composite number?
False
Let d = -432 - -1567. Is d a composite number?
True
Suppose 2*k - 1347 = -3*j, 1342 = 2*k - 0*k + 4*j. Is k a prime number?
False
Suppose 3*v + 480 = 8*v - 5*a, -379 = -4*v - a. Suppose -4*b = o - v, -36 = -o + 2*b + 89. Is o a composite number?
True
Suppose 0 = -17*c + 16*c + 1334. Suppose c = 10*b - 2436. Is b a prime number?
False
Suppose -6*v + 339030 = 12*v. Is v a prime number?
False
Suppose -67105 - 25710 = -19*w. Is w a prime number?
False
Suppose 0 = -4*j + 9*j + 15. Is (-1164)/18*9/j composite?
True
Let y = -11 + 10. Let p = y - -3. Is (-4)/p + (0 - -289) a prime number?
False
Let y(c) = -c**3 - 12*c**2 - 12*c + 8. Let u be y(-11). Let f(x) = 2*x - 2*x**2 + 3*x**2 + 17 + 85 + u. Is f(0) a composite number?
True
Let i(m) = m**3 - 5*m**2 + 4*m - 5. Let u be i(4). Let o be u/(-2)*32/20. Is (o/(-16))/(1/(-652)) a prime number?
True
Let d be 128/18 + 3/(-27). Is 4/14 + (-16)/d + 811 a composite number?
False
Let d(b) = -b**3 + 10*b**2 - 8*b - 6. Let r be d(9). Suppose -2823 = -4*q + r*z + 41, -2*q = 3*z - 1450. Is q prime?
True
Let i(y) = 562*y + 39. Is i(14) a prime number?
True
Let q(s) = 11*s**2 + 2*s + 4. Suppose -2*a = -5*p + 26, 0 = a + p - 1. Is q(a) composite?
False
Let i(d) = d**2 + 6*d + 9. Let h be i(-5). Suppose x - 137 = -2*r, 389 = 3*x - r - h*r. Is x composite?
True
Suppose 0 = 40*h - 33*h - 278747. Is h a prime number?
True
Let t(i) = 11*i**2 + 8 - i**2 + 11*i**2 - 7*i - 5*i**2. Is t(3) prime?
True
Let k(d) = 152*d**2 - 4*d - 73. Is k(-7) a prime number?
False
Suppose 6*o + 14 = 38. Suppose 164 = o*p + 4. Suppose -370 = -2*j + p. Is j prime?
False
Let n be 2922/42 - 8/14. Let k = n - 0. Is k a prime number?
False
Suppose 0 = -2*o + 3726 + 15052. Is o a composite number?
True
Suppose -5*u - 1176 + 4111 = 0. Suppose 3*y = 4*y + 385. Let j = y + u. Is j prime?
False
Let l(s) = 65*s - 3. Let t = -57 - -59. Is l(t) a prime number?
True
Let p be 6/((-3)/6*-3). Suppose 0 = z, 0*d - 4*d - 2*z + 8 = 0. Suppose p*j + d + 6 = 0, -2*m - 5*j + 106 = 0. Is m a composite number?
True
Let r be 1 - (8*-513)/3. Suppose -2*q = -5*n + r, -5*n - 3*q + 4*q + 1367 = 0. Suppose 3*o + 5*p - 925 = -n, 5*o = -2*p + 1055. Is o composite?
True
Is (-1994)/(-4) - (-5)/10 a composite number?
False
Suppose 6*h = 2*h - 2*b + 14, 5*b = -h - 10. Suppose -h*l + 7*l = 716. Is l composite?
True
Let r be 2*(9/6 - 3). Let z be 3/(-9)*r + 6. Let y(v) = 8*v - 9. Is y(z) prime?
True
Let b = -25 - -15. Let a = b + -10. Let r(l) = -32*l + 1. Is r(a) a composite number?
False
Suppose -20 = -5*n, -107 = 3*x - n - 1. Let p = -17 - x. Let v = p + 106